1
-1
1310 (base 4) to base 15
7b
-22 (base 15) to base 7
-44
0 (base 3) to base 10
0
What is -16 (base 13) in base 10?
-19
What is -2 (base 8) in base 3?
-2
151 (base 6) to base 16
43
Convert -293 (base 10) to base 12.
-205
Convert 4a (base 12) to base 16.
3a
Convert -1 (base 4) to base 14.
-1
Convert 12 (base 11) to base 13.
10
What is -103 (base 6) in base 12?
-33
Convert 233 (base 7) to base 8.
172
Convert 7 (base 9) to base 10.
7
What is -32 (base 13) in base 15?
-2b
Convert -3 (base 13) to base 15.
-3
Convert 1011 (base 3) to base 11.
29
Convert -57 (base 9) to base 4.
-310
Convert -7 (base 15) to base 16.
-7
What is -3 (base 4) in base 16?
-3
What is 32 (base 6) in base 10?
20
What is -21 (base 7) in base 11?
-14
What is 144 (base 12) in base 5?
1241
What is -1 (base 6) in base 11?
-1
11 (base 4) to base 16
5
-5 (base 12) to base 7
-5
What is -33 (base 10) in base 6?
-53
Convert 65 (base 14) to base 15.
5e
What is 14 (base 11) in base 6?
23
What is a8 (base 14) in base 4?
2110
What is 24 (base 10) in base 15?
19
-2404 (base 5) to base 16
-162
What is -2113 (base 4) in base 5?
-1101
Convert -98 (base 14) to base 4.
-2012
Convert -1033 (base 5) to base 16.
-8f
Convert -4 (base 10) to base 4.
-10
73 (base 13) to base 3
10111
What is 11 (base 7) in base 4?
20
-121 (base 4) to base 15
-1a
c5 (base 13) to base 6
425
20 (base 8) to base 11
15
Convert 2 (base 4) to base 2.
10
Convert 1042 (base 5) to base 7.
300
-16 (base 16) to base 4
-112
Convert -11 (base 10) to base 14.
-b
Convert 12 (base 9) to base 14.
b
Convert -37 (base 11) to base 7.
-55
What is 111 (base 2) in base 15?
7
-1f (base 16) to base 11
-29
What is -18 (base 12) in base 16?
-14
What is 0 (base 9) in base 11?
0
-77 (base 9) to base 5
-240
20 (base 7) to base 3
112
-302 (base 4) to base 5
-200
Convert 6 (base 16) to base 14.
6
Convert 2041 (base 5) to base 8.
417
Convert -71 (base 12) to base 11.
-78
-12 (base 8) to base 14
-a
-20 (base 16) to base 14
-24
16 (base 15) to base 11
1a
Convert 123 (base 4) to base 3.
1000
14 (base 5) to base 15
9
Convert -4 (base 13) to base 16.
-4
-35 (base 15) to base 10
-50
-2 (base 14) to base 11
-2
What is 10 (base 2) in base 11?
2
What is 1 (base 15) in base 8?
1
Convert 10 (base 11) to base 6.
15
What is 120 (base 3) in base 8?
17
Convert 3 (base 13) to base 5.
3
What is -33 (base 7) in base 2?
-11000
124 (base 14) to base 15
103
What is -2 (base 4) in base 13?
-2
Convert -102 (base 8) to base 16.
-42
2 (base 12) to base 6
2
Convert -100101010 (base 2) to base 15.
-14d
29 (base 10) to base 8
35
What is -5 (base 12) in base 6?
-5
What is 0 (base 11) in base 15?
0
-4 (base 11) to base 9
-4
23 (base 14) to base 9
34
-2 (base 14) to base 2
-10
12 (base 16) to base 6
30
What is 13 (base 12) in base 3?
120
220 (base 3) to base 9
26
21 (base 4) to base 9
10
11 (base 5) to base 13
6
-132 (base 4) to base 16
-1e
15 (base 11) to base 14
12
9 (base 13) to base 3
100
-32 (base 4) to base 8
-16
What is -1 (base 12) in base 2?
-1
205 (base 8) to base 16
85
Convert 0 (base 15) to base 5.
0
Convert -5 (base 14) to base 12.
-5
-1 (base 5) to base 3
-1
-511 (base 6) to base 3
-20221
Convert -3 (base 8) to base 12.
-3
-67 (base 13) to base 8
-125
What is 7 (base 16) in base 5?
12
Convert -c (base 14) to base 9.
-13
1001100 (base 2) to base 10
76
Convert 1010 (base 3) to base 16.
1e
Convert -131 (base 7) to base 8.
-107
-4 (base 15) to base 3
-11
What is -2103 (base 4) in base 8?
-223
Convert 101 (base 2) to base 13.
5
What is -151 (base 8) in base 12?
-89
What is -22 (base 3) in base 10?
-8
-1 (base 15) to base 3
-1
What is 4 (base 16) in base 7?
4
11 (base 2) to base 4
3
What is 2 (base 9) in base 7?
2
7 (base 15) to base 4
13
Convert -2 (base 13) to base 5.
-2
2 (base 10) to base 14
2
What is -33 (base 11) in base 16?
-24
What is 1 (base 4) in base 16?
1
What is -110 (base 2) in base 16?
-6
What is 114 (base 6) in base 5?
141
Convert 3 (base 10) to base 14.
3
What is 41 (base 6) in base 15?
1a
Convert 1110 (base 2) to base 5.
24
Convert -5 (base 9) to base 16.
-5
Convert 3 (base 14) to base 13.
3
What is 4 (base 8) in base 14?
4
What is -2a (base 11) in base 15?
-22
-2 (base 7) to base 2
-10
What is 6 (base 13) in base 11?
6
431 (base 7) to base 16
da
35 (base 8) to base 4
131
9 (base 16) to base 14
9
20 (base 7) to base 10
14
What is 5 (base 12) in base 5?
10
11 (base 4) to base 6
5
Convert 10 (base 4) to base 12.
4
281 (base 10) to base 12
1b5
-2 (base 8) to base 4
-2
Convert 110100 (base 2) to base 13.
40
Convert -206 (base 8) to base 7.
-251
What is 41 (base 16) in base 4?
1001
Convert -1 (base 16) to base 15.
-1
What is 113 (base 8) in base 7?
135
134 (base 5) to base 14
32
b (base 13) to base 15
b
Convert -11 (base 4) to base 13.
-5
What is 1 (base 4) in base 8?
1
What is -3 (base 7) in base 3?
-10
85 (base 14) to base 13
90
What is 0 (base 5) in base 4?
0
Convert -17 (base 13) to base 16.
-14
What is 0 (base 2) in base 15?
0
What is 0 (base 12) in base 15?
0
Convert -9 (base 11) to base 10.
-9
Convert -122 (base 3) to base 9.
-18
What is 21 (base 13) in base 7?
36
What is -329 (base 10) in base 5?
-2304
Convert -70 (base 10) to base 13.
-55
3 (base 13) to base 6
3
5 (base 7) to base 13
5
What is -21 (base 4) in base 16?
-9
What is -18 (base 11) in base 8?
-23
Convert -11 (base 2) to base 13.
-3
What is -70 (base 15) in base 10?
-105
Convert 0 (base 11) to base 3.
0
What is -1 (base 7) in base 5?
-1
14 (base 5) to base 16
9
-10000 (base 2) to base 6
-24
-20 (base 6) to base 2
-1100
What is 1000100 (base 2) in base 4?
1010
2 (base 8) to base 9
2
What is 73 (base 16) in base 11?
a5
What is -21 (base 8) in base 13?
-14
Convert -1 (base 4) to base 13.
-1
What is 5 (base 11) in base 5?
10
4 (base 6) to base 4
10
15 (base 14) to base 3
201
What is 1d (base 15) in base 4?
130
What is 9 (base 11) in base 13?
9
Convert -121111 (base 3) to base 10.
-445
What is -12 (base 13) in base 11?
-14
Convert 105 (base 6) to base 4.
221
Convert 15 (base 14) to base 4.
103
Convert 3 (base 16) to base 8.
3
Convert -3 (base 6) to base 7.
-3
Convert 15 (base 8) to base 11.
12
3 (base 4) to base 16
3
-1 (base 4) to base 8
-1
Convert 170 (base 10) to base 5.
1140
-16 (base 7) to base 2
-1101
Convert -30 (base 14) to base 5.
-132
Convert 177 (base 13) to base 8.
413
Convert 113 (base 9) to base 12.
79
Convert 101010101 (base 2) to base 10.
341
-201 (base 3) to base 14
-15
3 (base 4) to base 13
3
Convert -35 (base 7) to base 15.
-1b
5 (base 12) to base 6
5
What is 0 (base 4) in base 11?
0
5 (base 14) to base 4
11
0 (base 2) to base 4
0
What is 1 (base 12) in base 15?
1
-133 (base 7) to base 10
-73
b3 (base 12) to base 8
207
What is 31 (base 6) in base 13?
16
Convert -3 (base 15) to base 6.
-3
-54 (base 15) to base 13
-61
Convert -7 (base 8) to base 5.
-12
What is -3 (base 10) in base 5?
-3
What is -4 (base 11) in base 5?
-4
What is 16 (base 15) in base 10?
21
-1 (base 13) to base 10
-1
73 (base 8) to base 9
65
What is -d4 (base 16) in base 8?
-324
What is 26 (base 9) in base 12?
20
What is -14 (base 10) in base 2?
-1110
Convert 10 (base 7) to base 11.
7
What is -1020 (base 5) in base 14?
-99
What is -386 (base 9) in base 4?
-11001
Convert 1 (base 6) to base 3.
1
Convert 202 (base 4) to base 14.
26
-20 (base 12) to base 3
-220
-10021 (base 4) to base 13
-175
137 (base 13) to base 11
186
What is 7 (base 11) in base 2?
111
Convert -2 (base 14) to base 3.
-2
1 (base 10) to base 14
1
What is 1 (base 9) in base 3?
1
What is -80 (base 10) in base 11?
-73
Convert 1221 (base 3) to base 8.
64
What is 50 (base 13) in base 4?
1001
-17 (base 9) to base 12
-14
3 (base 15) to base 14
3
11 (base 2) to base 11
3
Convert 0 (base 9) to base 4.
0
What is -11 (base 2) in base 5?
-3
What is 59 (base 15) in base 7?
150
5 (base 12) to base 3
12
What is 10 (base 10) in base 11?
a
Convert -116 (base 8) to base 6.
-210
Convert -71 (base 8) to base 3.
-2010
551 (base 7) to base 9
342
4 (base 5) to base 6
4
Convert -43 (base 12) to base 3.
-1220
Convert -1b (base 16) to base 13.
-21
What is 324 (base 6) in base 14?
8c
Convert 11 (base 2) to base 10.
3
What is 201 (base 3) in base 15?
14
24 (base 9) to base 2
10110
Convert 1 (base 14) to base 15.
1
Convert 11011010 (base 2) to base 5.
1333
1 (base 12) to b